e highest common factor of 17248 and 11.
11
What is the highest common divisor of 460 and 736?
92
What is the greatest common factor of 45110 and 26?
26
Calculate the greatest common factor of 1605 and 6.
3
What is the greatest common divisor of 122 and 366?
122
What is the highest common divisor of 195 and 135?
15
Calculate the highest common factor of 2538 and 90.
18
What is the highest common divisor of 18 and 2790?
18
What is the highest common divisor of 118 and 42362?
118
Calculate the highest common divisor of 783 and 18.
9
Calculate the greatest common divisor of 115 and 2691.
23
Calculate the highest common factor of 39 and 8424.
39
Calculate the highest common factor of 305 and 61.
61
Calculate the greatest common factor of 2730 and 5670.
210
Calculate the highest common divisor of 11 and 27.
1
Calculate the highest common factor of 3055 and 5.
5
Calculate the greatest common factor of 9006 and 316.
158
Calculate the greatest common factor of 36 and 58.
2
Calculate the greatest common divisor of 56 and 168.
56
Calculate the highest common factor of 1004 and 7781.
251
Calculate the highest common divisor of 61 and 122.
61
What is the highest common factor of 18400 and 48?
16
Calculate the greatest common factor of 20 and 910.
10
Calculate the highest common factor of 40 and 685.
5
What is the highest common divisor of 335 and 30?
5
Calculate the highest common factor of 221 and 85.
17
Calculate the greatest common divisor of 689 and 26.
13
What is the greatest common factor of 1812 and 10419?
453
What is the greatest common divisor of 18 and 2484?
18
What is the greatest common factor of 1691 and 89?
89
What is the highest common divisor of 7029 and 355?
71
What is the highest common factor of 985 and 25?
5
Calculate the greatest common divisor of 106 and 848.
106
Calculate the highest common factor of 9637 and 46.
23
What is the greatest common divisor of 3207 and 27?
3
Calculate the greatest common divisor of 21 and 364.
7
Calculate the greatest common divisor of 6677 and 22.
11
Calculate the highest common factor of 60 and 315.
15
What is the highest common divisor of 948 and 19671?
237
What is the greatest common divisor of 6 and 477?
3
What is the highest common divisor of 7074 and 108?
54
What is the highest common factor of 207 and 276?
69
What is the highest common factor of 464 and 64?
16
What is the highest common divisor of 3640 and 195?
65
What is the highest common factor of 245 and 196?
49
Calculate the greatest common divisor of 11 and 1144.
11
Calculate the greatest common divisor of 48 and 144.
48
What is the highest common factor of 26 and 2522?
26
What is the highest common factor of 909 and 404?
101
Calculate the greatest common divisor of 113 and 11639.
113
What is the highest common divisor of 855 and 549?
9
Calculate the highest common factor of 56 and 924.
28
What is the highest common divisor of 7 and 52619?
7
Calculate the highest common factor of 11 and 209.
11
Calculate the highest common divisor of 24 and 204.
12
Calculate the greatest common divisor of 40 and 3980.
20
Calculate the greatest common divisor of 567 and 3159.
81
What is the highest common divisor of 290 and 10?
10
What is the highest common divisor of 20 and 45?
5
Calculate the greatest common divisor of 20 and 20.
20
What is the greatest common factor of 34 and 6?
2
What is the greatest common divisor of 32 and 3232?
32
Calculate the greatest common factor of 33 and 407.
11
What is the highest common factor of 27 and 127521?
27
Calculate the greatest common divisor of 304 and 32.
16
Calculate the greatest common divisor of 299 and 39.
13
Calculate the highest common divisor of 130 and 440.
10
Calculate the highest common divisor of 64 and 64.
64
What is the greatest common divisor of 729 and 3?
3
What is the greatest common divisor of 2881 and 301?
43
Calculate the greatest common divisor of 28 and 70224.
28
Calculate the highest common factor of 833 and 147.
49
Calculate the highest common divisor of 732 and 12.
12
Calculate the greatest common factor of 30 and 435.
15
What is the highest common divisor of 29 and 116?
29
What is the highest common divisor of 4727 and 163?
163
What is the highest common divisor of 100 and 13000?
100
Calculate the highest common factor of 228 and 12.
12
Calculate the highest common divisor of 231 and 21.
21
What is the greatest common divisor of 254 and 15875?
127
What is the highest common factor of 935 and 275?
55
Calculate the greatest common divisor of 20 and 164.
4
What is the greatest common factor of 306 and 170?
34
Calculate the greatest common factor of 118 and 2.
2
What is the highest common factor of 1060 and 40?
20
What is the highest common divisor of 190 and 10?
10
What is the greatest common factor of 142 and 1065?
71
Calculate the highest common factor of 375 and 25.
25
What is the greatest common divisor of 270 and 130950?
270
What is the highest common factor of 1435 and 2555?
35
Calculate the greatest common divisor of 400 and 1370.
10
What is the greatest common factor of 9510 and 150?
30
Calculate the greatest common factor of 6 and 4.
2
Calculate the greatest common factor of 189 and 147.
21
What is the greatest common divisor of 85 and 11645?
85
What is the highest common factor of 13 and 52403?
13
Calculate the highest common factor of 11 and 77.
11
Calculate the greatest common divisor of 7742 and 2844.
158
Calculate the highest common divisor of 30 and 285.
15
What is the greatest common divisor of 408 and 108?
12
Calculate the highest common factor of 1355 and 5.
5
What is the greatest common divisor of 7 and 917?
7
What is the greatest common factor of 24 and 1716?
12
Calculate the greatest common divisor of 108 and 207.
9
What is the greatest common factor of 43 and 25?
1
Calculate the highest common factor of 3828 and 870.
174
Calculate the highest common divisor of 142 and 17182.
142
Calculate the greatest common factor of 66 and 96.
6
Calculate the greatest common divisor of 6 and 135.
3
What is the highest common factor of 72 and 3222?
18
Calculate the greatest common divisor of 162 and 1386.
18
What is the highest common divisor of 1360 and 32?
16
Calculate the highest common factor of 1079 and 91.
13
Calculate the greatest common factor of 23 and 17411.
23
Calculate the highest common divisor of 16 and 712.
8
What is the greatest common divisor of 192 and 6672?
48
Calculate the greatest common factor of 70 and 2282.
14
What is the highest common factor of 598 and 26?
26
Calculate the highest common factor of 48 and 336.
48
What is the highest common divisor of 315 and 189?
63
Calculate the greatest common factor of 1015 and 87.
29
Calculate the highest common divisor of 1643 and 93.
31
What is the greatest common factor of 2877 and 42?
21
Calculate the highest common factor of 60 and 1410.
30
Calculate the greatest common factor of 473 and 344.
43
What is the highest common factor of 1793 and 11?
11
What is the greatest common divisor of 92070 and 279?
279
Calculate the greatest common divisor of 28 and 812.
28
What is the highest common factor of 150 and 350?
50
Calculate the highest common factor of 62 and 27466.
62
What is the highest common divisor of 4704 and 112?
112
What is the greatest common divisor of 43864 and 8?
8
What is the highest common divisor of 2119 and 13?
13
Calculate the greatest common divisor of 464 and 32.
16
What is the greatest common factor of 17 and 425?
17
What is the highest common divisor of 4077 and 54?
27
Calculate the highest common factor of 2 and 910.
2
What is the highest common divisor of 3377 and 11?
11
Calculate the highest common factor of 4624 and 952.
136
Calculate the highest common factor of 172 and 258.
86
Calculate the greatest common factor of 7 and 3983.
7
Calculate the highest common divisor of 960 and 90.
30
Calculate the greatest common divisor of 58 and 174.
58
What is the greatest common divisor of 901 and 106?
53
Calculate the highest common divisor of 5699 and 41.
41
What is the highest common divisor of 33 and 231?
33
What is the highest common divisor of 6 and 30?
6
What is the greatest common divisor of 242 and 264?
22
What is the greatest common factor of 4761 and 18?
9
Calculate the highest common factor of 5